 = -2*c. Give v(c).
-43
Let d be -2 + 104/(3 - 1). Let s = -48 + d. Let h be -1*(-1)/(s + -3)*-5. Let n(a) = a**2 - a - 6. What is n(h)?
14
Let i(q) = -q**2 - q + 1. Suppose k - 5 = j, k + j + 15 = 4*k. Let z be (-357)/(-35) - 1/k. Let y(a) = a**3 - 9*a**2 - 11*a + 6. Let d be y(z). Calculate i(d).
-11
Suppose 0 = -17299*d + 17313*d. Let b(g) = g**3 - g**2 - g - 29. Give b(d).
-29
Let l(c) = 10*c**2 - 3*c + 1. Let y(r) = 29*r**2 - 8*r + 3. Let t(u) = 8*l(u) - 3*y(u). Suppose -2*n = -5*n - 3. Calculate t(n).
-8
Let k(s) be the third derivative of -s**4/8 - 5*s**3/2 - 66*s**2 - 11*s + 1. Suppose 0 = -h - g - 3, -3*h = h - 2*g + 30. Calculate k(h).
3
Suppose 705 = 12*t - 435. Suppose -h + t = 101. Let r(z) = z**3 + 13*z**2 + 3*z + 15. Let l(b) = b**2 - b + 1. Let k(y) = -6*l(y) + r(y). Determine k(h).
-9
Let v(t) = 5*t**2 + 8*t - 7. Let i(j) = -10*j**2 + j + 20*j**2 - 1 - 8*j**2. Let o(p) = 3*i(p) - v(p). Determine o(4).
0
Let x(g) = -237 - 391*g - g**2 + 346*g + 111*g. Give x(62).
11
Let c(q) be the second derivative of q**4/12 - q**3/3 - q**2 + 86167*q. Let k(x) = -x**3 - 6*x**2 - 6*x - 7. Let d be k(-5). Determine c(d).
6
Let p(b) = -b**2 + 11*b - 9. Let s be 28/(-24)*-3 + (-2)/(-4). Suppose -82 = w - 0*i + 2*i, 0 = -5*w - s*i - 410. Let k = -73 - w. Calculate p(k).
9
Let i(n) be the second derivative of -n**5/20 - n**4/3 + 4*n**3/3 + 6*n**2 + n + 2529. Give i(-5).
-3
Let q(h) = -h**2 - 4*h + 3. Suppose 11*m - 10 = 6*m. Suppose m*t = 6*t - 12. Let d be t*(2/(-3) - (-2 - -3)). Give q(d).
-2
Let t(c) = c**2 - 3*c - 34. Let x be (-1)/(-2) - -33*5/(-30). Let y be t(x). Let m(o) = -o**3 + 5*o**2 + 6*o + 5. Give m(y).
5
Let b(i) be the first derivative of -8*i**3/3 + i**2/2 + 70*i - 4697. Calculate b(0).
70
Suppose -4*w - 3*a = -5*a - 22, -4*a = -3*w + 24. Let o(v) = 2*v**2 + v - 3. What is o(w)?
33
Let w(q) = -q**2 + 7*q + 1. Let k = 24 - 82. Let t = -51 - k. Calculate w(t).
1
Let x(f) = 8*f**2 + 88*f + 28. Let k(i) = -7*i**2 - 69*i - 25. Let z(g) = 5*k(g) + 4*x(g). Give z(7).
-111
Let w(f) = -f**2 - 3742*f + 7481. Let j be w(2). Let l(t) be the second derivative of -t**3/3 + t**2/2 + 2*t. What is l(j)?
15
Let w(d) be the second derivative of -3*d**3 - 113*d**2/2 + 2*d - 273. What is w(-6)?
-5
Let x(m) = 0*m + 27 + 3*m - 4*m + 2*m. Let z be ((-1)/(-6))/((-75)/(-150))*-42. Determine x(z).
13
Let s(g) be the third derivative of g**5/60 + 5*g**4/24 - 29*g**3/3 + 11*g**2. Let o(x) be the first derivative of s(x). Give o(-10).
-15
Let u(j) be the second derivative of j**3/6 + 2*j**2 + j + 3441. Suppose 14 = -3*v + 35. Calculate u(v).
11
Suppose -5*c + 18 = 2*w, 2*w = 4*w - 8. Let a(z) = 4*z - c*z**2 + 99 - 105 + z + z**2. Determine a(6).
-12
Let c be ((-5)/(-10))/(-1)*(-20 - -20). Let d(q) be the third derivative of -q**4/24 - q**3 - 8*q**2. What is d(c)?
-6
Suppose 380 = -18*y + 974. Let x(h) be the second derivative of -7/6*h**3 - 1/12*h**4 - y*h + 0 - 1/2*h**2. Give x(-7).
-1
Let g(s) = s**3 + 5*s**2 + s - 3. Suppose 0 = 5*p + 5*k + 330, -4*p = 7*k - 5*k + 272. Let n = p - -58. Let r(i) = 2*i + 20. Let f be r(n). What is g(f)?
9
Suppose -13*q + 1500 - 1565 = 0. Let t(x) = -10*x - 40. Calculate t(q).
10
Let r be 15/30 + 42/4. Suppose 11*l + 11 = -r. Let f(y) = y**2 - 1. What is f(l)?
3
Let o(a) = 18*a + 88. Let g be -15*(-14)/(-12)*(-20)/(-70). Determine o(g).
-2
Let u(j) = 3*j**2 - 116*j - 288. Let o be u(41). Let w(d) = 39*d + 3. Determine w(o).
-36
Let l be (12/7)/((-1)/(-14)*-2). Let b(f) = -3*f + 3. Let t(x) = 14*x - 10. Let p(j) = -18*b(j) - 4*t(j). What is p(l)?
10
Let n = 596 - 594. Suppose 3*k - 4*l = 40 - 3, 0 = 2*k + 3*l - n. Let x(q) = -q**3 + 5*q**2 + 6*q + 8. Give x(k).
-48
Let r(l) = -7*l**3 + l**2 - l - 1. Suppose 0 = 9*a - 7*a + 8. Let n = 11 + a. Suppose n - 4 = -3*h. Give r(h).
8
Let n(x) be the second derivative of x**5/20 + 19*x**4/12 + 3*x**3 + 14*x**2 - 6549*x. What is n(-18)?
28
Let z(q) = -4*q + 87. Let j be z(22). Suppose -4*d + 3*d = -l + 5, 4*d = -4*l + 4. Let u(a) = 0 + 2 - l*a - 3. What is u(j)?
2
Suppose 2*d - 3*u - 1 = -0*d, u - 18 = -3*d. Suppose -13*l = -10*l - 9. Let j(f) = 1 + 0*f**3 - l*f**3 + f + 5*f**2 + 5*f**3 - 3*f**3. Calculate j(d).
6
Let v(q) = 8*q + 3. Let f(u) = -11*u - 2. Let o(g) = -5*f(g) - 4*v(g). Determine o(-4).
-94
Let w(d) = -d - 10. Let p(l) be the first derivative of l**2 + 19 + 2*l + 12 - 12. Let f be p(-4). Give w(f).
-4
Let l(b) = 4*b**3 - 2*b**2 + 2*b - 3. Let r = 175 - 178. Let q be (-2)/((r - 3) + 5). Calculate l(q).
25
Let s(r) = -r**2 + 6*r + 10. Let p = 58 + -54. Suppose 11*f = p*f + 84. Suppose 3*z = 9 + f. Determine s(z).
3
Let n(p) be the third derivative of p**5/15 + 23*p**4/24 - 11*p**3/3 + 6*p**2 + 2*p - 17. Calculate n(1).
5
Let z(u) = -u - 4. Let g be z(0). Let l(t) = 5*t**2 - 18*t - 4. Let x(a) = 77*a**2 - 278*a - 59. Let d(c) = -31*l(c) + 2*x(c). What is d(g)?
-18
Let b(v) = v**2 + 14*v + 46. Suppose -16*m = 1117 - 957. Give b(m).
6
Let w(u) = 2*u + 20 - 5 - 8 - 2 - 3*u - 10. Let z = -25 - -17. Determine w(z).
3
Let k = -1947 + 1945. Let l(r) = 26*r + 1. Determine l(k).
-51
Let y(t) be the first derivative of -t**4/12 - 7*t**3/6 - 7*t**2/2 - 159*t - 230. Let b(d) be the first derivative of y(d). Give b(-7).
-7
Let o be 12/12*1*211. Let p be ((-4)/(-10))/(o/30 - 7). Let n(b) = -6 - 25*b**2 + 14*b**2 + 4*b**3 + p*b**2 - 5*b**3. What is n(0)?
-6
Let t(s) = 2*s**3 - 73*s**2 + s - 24. Let x(b) = b**3 - 39*b**2 - 12. Let z be (-53)/(-9) + (-105)/(-945). Let u(a) = z*t(a) - 11*x(a). Determine u(8).
-28
Let m(r) be the second derivative of -2*r**5/5 + r**3/6 + r**2/2 + 786*r. Calculate m(-1).
8
Let l(y) = -y**2 - 8*y + 46. Let w(n) = -n**2 + 5*n + 2. Let r be w(-2). Let j be l(r). Let o(q) = -2*q**2 - 4*q - 2. What is o(j)?
-2
Let l(x) = -x**3 + 17*x**2 + 13. Suppose 2*p - 6*p = -14*p. Suppose -2*w + 12 = w, p = 3*j + 4*w - 67. Determine l(j).
13
Let q(y) = -9 - 2*y - 77*y**2 + 152*y**2 - 76*y**2. Suppose -275 = 18*v - 167. Determine q(v).
-33
Let b(o) = 58*o - 116*o + 50*o + 13. Suppose 2*d = -2*p, -5*p + 3*d - 9 = -25. Let v be b(p). Let y(i) = i**2 + 5*i - 1. Determine y(v).
-7
Let f(q) be the second derivative of 1/12*q**5 + 42*q + 0 + q**2 + 1/120*q**6 - 4/3*q**3 - 7/24*q**4. Let u(g) be the first derivative of f(g). Give u(-6).
-2
Let w(r) be the first derivative of -3*r**2 + 155*r - 2147. Give w(19).
41
Let x(u) be the third derivative of 1/6*u**3 - 2 - 3/8*u**4 + 0*u + 32*u**2 - 1/30*u**5. Calculate x(-5).
-4
Let z = 4322 + -4321. Let s(x) = -13*x**2 + x + 1. Give s(z).
-11
Suppose -45*r + 49*r + 3*t - 25 = 0, 5*t = 3*r + 32. Let p(z) = 6*z + 10. Calculate p(r).
16
Let d(n) be the first derivative of -n**3/3 + 9*n**2 + 166*n + 1124. Determine d(24).
22
Suppose 0 = 6*s - 106 + 100. Let h(d) = 1372*d - 685*d - s - 693*d + d**2. Let u(w) = 2*w - 4. Let v be u(5). Give h(v).
-1
Let z(n) = 19 - 1554*n + n**2 + 4666*n - n**3 + 7*n**2 - 1552*n - 1557*n. Determine z(7).
89
Let f(r) = -2*r**3 + 2*r**2 + 5*r - 3. Let b(h) = h**3 - h**2 - 3*h + 2. Let a(c) = -5*b(c) - 3*f(c). Let g be 17/17 - (8 + -9). Determine a(g).
3
Let h(d) = d**2 - 3*d + 3. Let i = 188 + -184. Suppose -6*j = -3*k - i*j + 22, k - j = 9. Calculate h(k).
7
Let z(f) = 10*f - 7. Let j be z(1). Let g(r) = 22 - r**j - r - 24 + 3*r**2 - r. Give g(3).
-8
Let t(k) = k**3 - k**2 - 2*k - 1. Let b be t(3). Let q be 8/4 - (13 - b). Let v(w) = -w**3 - w + 11. Calculate v(q).
11
Let m(j) be the first derivative of -j**2 + 16*j - 27. Let f be m(6). Let i(n) = 0 + 0*n**2 + 2 - f*n**2 + n**2 - 6*n + n**3. Calculate i(4).
-6
Let i(w) = -w**3 - 12*w**2 + 44*w - 13. Let h be i(-15). Suppose 3*m - 6*j - 17 = -8*j, -4*m + h*j + 18 = 0. Let q(z) = -z**2 + 4*z + 2. Determine q(m).
-3
Let b be (-85)/7 - (-45)/315. Let l be ((-100)/40)/(5/b). Let d(v) = 4*v + 5. Calculate d(l).
29
Let h(z) = -34 - z**3 - 665*z**2 - 7*z + 0*z**3 + 659*z**2. Give h(-5).
-24
Let r(u) be the first derivative of u**2/2 - u - 1120. Let m be (1 + -2)/((-1)/1). Let d(o) = -4*o - 3. Let i(x) = m*d(x) + 5*r(x). Calculate i(0).
-8
Let u = -502 + 509. Let t(g) = -6 + 6*g**2 - 7*g + 1 - 3 - u*g**2. Give t(-6).
-2
Let q(j) = -73*j - 522. Let k be q(-7). Let z(i) = i**2 + 17*i + 8. What is z(k)?
-58
Suppose -4*a - 5*t + 24 = 11, a + 4*t - 6 = 0. Let y(o) = 20*o - a*o + 